Calculate the greatest common factor of d and c.
24
Let m = 276 - 111. Suppose 403 = 17*l + m. What is the greatest common factor of 112 and l?
14
Let u = -571 + 579. Let d be (-15 + 0)*18/(-5). Let s be d - (2/(-2) - 1). What is the highest common factor of u and s?
8
Suppose 34 + 101 = m. Let w be (-16)/(-72) + 34/9. Suppose -7*t + w*t = -m. What is the highest common divisor of t and 9?
9
Let p(n) = 4*n + 22. Let j be p(11). Suppose 9*q - 7 - 20 = 0. What is the highest common divisor of j and q?
3
Let c be 178/3 + ((-70)/(-15))/7. Calculate the highest common divisor of c and 24.
12
Let g(t) = 76*t + 236. Let s be g(-2). What is the highest common factor of 1134 and s?
42
Let c be ((-28)/20)/((-18)/15 - -1). Let z(j) = -20*j. Let v be z(-10). Suppose 0 = 3*q - v + 11. What is the highest common factor of c and q?
7
Suppose -58*v - 600 = -60*v. What is the highest common divisor of v and 30?
30
Let y(h) = h**3 - 4*h**2 + 3*h - 18. Let p be y(6). Let c be 8/(1/(-1 - -2)). Let o be p/7 - c/28. Calculate the highest common factor of 40 and o.
10
Let i be 1318/5 - (-4)/10. Suppose -w + i = 3*w. Let j = 21 + -15. Calculate the highest common divisor of w and j.
6
Suppose -80*j + j + 316 = 0. What is the greatest common divisor of j and 37?
1
Let y = -232 - -298. Calculate the greatest common factor of 858 and y.
66
Let f = 52 + -37. Let b = 38 - -67. What is the highest common factor of f and b?
15
Let a be (-1 - 0) + 4 + 2. Suppose a*t - q = 2278, -t + 2*q - 2269 = -6*t. Suppose 3*w - 247 = t. Calculate the greatest common divisor of 26 and w.
26
Let t = -900 + 909. Let d(q) = 6*q - 4*q + 18 + 7*q. Let z be d(t). Calculate the greatest common factor of z and 9.
9
Suppose -3 = -4*t + 9, o - 3*t = 0. What is the highest common factor of 1 and o?
1
Let f = 896 + -637. What is the highest common factor of f and 7?
7
Let w(g) = -g**3 + 22*g**2 + 16*g - 10. Let f be w(10). Calculate the greatest common divisor of f and 45.
45
Suppose 3*b + 30 = 2*b - 5*i, -b + 4*i = -15. Let l = b - -12. Calculate the highest common divisor of l and 1.
1
Let w(f) = f**3 - 3*f**2 + 3*f - 15. Let n be w(5). What is the highest common factor of 100 and n?
50
Let v be (3 - 5757/24) + 3/(-24). Let c = v + 390. Calculate the highest common factor of c and 17.
17
Let z(y) = -4*y**3 + 12*y**2 + 11*y - 26. Let k(i) = i**3 + 1. Let u(t) = -5*k(t) - z(t). Let n be u(-11). Calculate the highest common divisor of n and 3.
3
Suppose 3*q + 0 = 66. Suppose 5*f + 16 = m, -2 = m - 2*f - 12. Suppose p = m*p - 110. What is the highest common factor of p and q?
22
Suppose -4*z + 8*z + 22 = 5*a, 0 = 2*a - 2*z - 10. Let n be a/(0 + (-3)/(-12)). Let d be (-17 + -2 + 3)/(-1). Calculate the highest common divisor of n and d.
8
Let x be (-668)/(3 + (-5 - -1)). Suppose 582 = 2*w + 3*f, -3*f + x = 4*w - 502. What is the highest common factor of w and 42?
42
Suppose 0 = 3*g + 3, 5*b + 22*g - 349 = 21*g. Calculate the greatest common factor of 2100 and b.
70
Let i be (2688/105)/(2/5). Calculate the greatest common divisor of i and 448.
64
Suppose -a - 40 = -5*a. Let p = 32 - 17. What is the highest common factor of p and a?
5
Let l(x) = 23*x - 68. Let b be l(7). What is the highest common divisor of b and 155?
31
Let w be 10 + (-69 - -9)/12. Calculate the greatest common factor of w and 4.
1
Let o be 2 - (-136 - -4)/2. Suppose 2*n - o = 112. What is the greatest common divisor of 10 and n?
10
Let w be (-216)/(-135) - 1147/(-5). Calculate the highest common factor of w and 308.
77
Let i(c) = c + 7. Suppose 22 = -4*y - 2*v, 2 = -y - v - 3*v. Let l be i(y). Let o = 23 - 16. Calculate the highest common divisor of l and o.
1
Let y(a) be the third derivative of -a**4/8 - a**3/2 - 5*a**2. Let k be y(3). Let l = 24 + k. What is the greatest common factor of l and 84?
12
Let p be (10/4)/((-5)/(-90)). Suppose -2*r = j - p - 109, 0 = -j - r + 158. Let l be (-178)/(-10) + (-2)/(-10). What is the greatest common divisor of j and l?
18
Suppose -5*j + 125 + 105 = 0. What is the greatest common factor of 1058 and j?
46
Let j = 831 + -655. Suppose 2*s + 32 = 4*s. Calculate the highest common factor of s and j.
16
Let z = 150 - 101. Let m be z/(-4) - 1/(-4). Let j = -7 - m. What is the greatest common divisor of j and 25?
5
Let y be (0 - 2)*75/(-6). Let g be 3*24/(-18) - -14. What is the greatest common factor of g and y?
5
Suppose x - 4*x = 12. Let z be 8/(2/6 + 11/(-15)). Let p be z*x/((-48)/(-51)). Calculate the highest common factor of 34 and p.
17
Let d(o) = -5*o - 47. Let u be d(-9). Let x be (0 + -9)/(5/(120/u)). What is the greatest common factor of 18 and x?
18
Suppose -5*g = 32*p - 35*p - 135, 4*p - 20 = 0. Calculate the greatest common divisor of g and 2760.
30
Suppose 423 = -2*j - 121. Let c = j - -484. Let r = c - 113. What is the greatest common divisor of r and 9?
9
Let l = 8 - 13. Let p(i) = -4 - 2*i - 6*i**2 - i - 3*i - i**3. Let f be p(l). Calculate the highest common factor of f and 1.
1
Suppose -19*q + 120 = 3*u - 21*q, 85 = 2*u - 3*q. What is the highest common factor of u and 76?
38
Let k = -29 + 53. Suppose -4*a + 5*n + 56 - 24 = 0, 3*n = -12. Calculate the greatest common factor of a and k.
3
Let i be (-37 - 0)/((-24)/48). Calculate the highest common divisor of i and 666.
74
Suppose -3*p + 2*v + 227 = 0, -82*v + 164 = 2*p - 77*v. What is the highest common factor of 847 and p?
77
Let n be (24/16)/(6/88). Suppose -31 = -k - n. What is the greatest common divisor of 1 and k?
1
Let a = 202 - 194. Let f(c) = 13*c - 2. Suppose -5*o - v = -4*v - 13, 2*v + 2 = 0. Let z be f(o). What is the highest common divisor of a and z?
8
Let h = 618 + -421. Let m = h - 77. Let f = -4640 - -4655. Calculate the greatest common factor of m and f.
15
Suppose -6*v + 206 = -154. Calculate the highest common divisor of v and 24.
12
Suppose 10 = 6*s - 4*s. Suppose 222 + 902 = s*v + 4*q, -5*v - 5*q = -1125. Suppose 3*c - 96 = -0*c. What is the greatest common factor of c and v?
32
Let x(f) = 2*f**3 + f**2 + f + 19. Let i be x(0). Calculate the greatest common factor of 209 and i.
19
Suppose -8*c + 12*c + 5*g - 3450 = 0, -2*c = 5*g - 1730. What is the greatest common factor of c and 60?
20
Let s = -38 - -42. Let q(k) = k**3 - 2*k**2 + 2*k + 5. Let f be q(s). What is the greatest common divisor of 18 and f?
9
Let t = 499 - 473. Calculate the greatest common factor of t and 4.
2
Let a(n) = n**3 + 18*n**2 + 20*n + 14. Let s be a(-17). Let f = 63 + s. Calculate the greatest common factor of f and 2.
2
Let t(o) = -3*o - 7. Let v be t(-6). Suppose -26*b - 57 = -27*b. Let n = b - -20. Calculate the highest common divisor of n and v.
11
Suppose -8*l + 674 = -726. What is the greatest common factor of l and 140?
35
Let m(a) = a**3 + 4*a**2 + 7*a + 4. Let y be m(-2). Let q be 5*(24/10 + y + 0). Calculate the greatest common factor of q and 2.
2
Suppose -41*a = -23*a - 1512. Calculate the greatest common divisor of a and 294.
42
Let g be 0 - (13 - -2)*-1. Suppose 3*x - 2*x = -g. Let d be (-84)/(-10) + 6/x. Calculate the highest common divisor of d and 72.
8
Let o = 623 + -550. Calculate the highest common factor of o and 1241.
73
Let o = 3345 + 995. Calculate the highest common factor of 20 and o.
20
Let p = 76 - 74. Calculate the highest common factor of 24 and p.
2
Let d(b) = -b**3 + 16*b**2 - 3*b + 30. Let c be d(14). Calculate the greatest common divisor of c and 152.
76
Let q = -1094 - -1146. Let r(z) = z**2 - z + 1. Let k be r(4). Calculate the highest common divisor of q and k.
13
Suppose -6*t + 9 = -141. Let n = -13 + 23. Calculate the greatest common divisor of t and n.
5
Suppose y = 2*y - 7. Suppose 0 = 6*c - y*c + 48. What is the greatest common factor of 16 and c?
16
Suppose 0 = -16*c - c + 34. Suppose 4 = -r, -r + 1 = 3*p - 7. What is the greatest common divisor of p and c?
2
Let o(b) = -b**3 - 17*b**2 + 45. Let i be o(-17). What is the greatest common factor of 315 and i?
45
Let p(q) = 2*q**3 + 38*q**2 - 3*q - 6. Let r be p(-19). Calculate the highest common divisor of 561 and r.
51
Suppose 2*b - 4*g = -10 + 2, -5*b + 16 = 2*g. What is the highest common divisor of 192 and b?
2
Let b be ((0/2)/4)/2. Suppose 1 = u - 4*k + 8, b = -4*k + 16. Calculate the highest common divisor of 1 and u.
1
Let v be (0 + 1)/(2/1